 -4 + (-1000 - 1/(3/(-9))). Let d = -12 - i. Is d a composite number?
True
Suppose 2*y = -1017 + 309. Let x be (-4 + 3)*0 - -727. Let u = x + y. Is u a composite number?
False
Let m(u) = u**2 - 49. Let f be m(-7). Suppose f*w - 2*w + 1294 = 0. Is w a prime number?
True
Let s(n) = 5951*n**3 - 26*n**2 + 46*n - 17. Is s(4) composite?
True
Let h = 89287 + -34578. Is h composite?
False
Let o = -402 + 100. Let i = 911 - o. Is i a prime number?
True
Let l = -31930 - 1323. Let c = 50526 + l. Is c a composite number?
True
Let d(q) = 11*q**2 + 10*q - 36. Let j be (-281)/(-6) + 56/48 + -1. Let p = 34 - j. Is d(p) prime?
True
Let s = -205 + 357. Let t = 357 - s. Let i = 682 + t. Is i prime?
True
Suppose 4*d - 17 + 105 = -5*c, 2*d - c + 58 = 0. Is ((-9)/d)/(3/1143) a prime number?
True
Let c = 172744 + -68597. Is c a composite number?
False
Is (-12 - 1) + 1655462/17 + (-2)/17 prime?
True
Is ((1487061/(-30))/((-3)/(-4)))/((-136)/340) a composite number?
False
Let y be (-8)/6*(-462)/56. Is (-5)/6*(-10 + (-2433 - y)) composite?
True
Let j be (-2)/(-13) - (-2944)/299. Is (315/j)/9*746 a composite number?
True
Let r be (2 - 5)*-1 - (-6635)/5. Let g = r + -69. Is g prime?
False
Is (-18)/(-99) + (8 - (-1715041)/11) a prime number?
True
Let z(p) = -820*p + 22. Let l be z(6). Let s = l + 8719. Is s a composite number?
False
Suppose -60*y + 24503177 = 4027037. Is y composite?
False
Let d = -67 + 62. Let j be 1*d/5 - -10. Is j + 2595 - 2/(-2) composite?
True
Suppose l + 118 = -5*d - 38, -3*l - 4*d - 457 = 0. Let t be (-4)/(-54) + (-1876)/(-189). Let p = t - l. Is p composite?
True
Suppose 4*i - 4 = 2*l, -i = -4*l + 5 + 8. Suppose -30*w + 2*c + 2292 = -28*w, 0 = -l*w - 3*c + 4605. Is w a composite number?
True
Suppose 5270 = -73*d + 75*d - 4*j, d + 3*j - 2605 = 0. Is d prime?
False
Suppose -4*b - 440 = -2*b. Suppose 2*y - 3*x = -930, 5*x + 0 + 20 = 0. Let m = b - y. Is m composite?
False
Let l = 28892 + 67689. Is l prime?
True
Let g(h) = -290 + 321 - 440*h - 429*h. Is g(-14) prime?
True
Suppose -3*r + 0 + 3 = 3*u, -3 = 5*u - 3*r. Let j(m) = 2*m**3 + m + 977. Is j(u) a prime number?
True
Is 6/(-15)*(-35)/(-119) - 78761913/(-391) a composite number?
False
Let i be (-32 + (-7 - -15))*(-16)/6. Suppose -5*q + 848 - 263 = 0. Let o = q - i. Is o composite?
False
Let l(r) = r**3 - 22*r**2 - 30*r - 50. Let u = -438 - -469. Is l(u) a composite number?
False
Suppose 5*a = h - 259991, -2*h - 3*a - a + 519870 = 0. Is h composite?
True
Suppose 0 = 5*m + 8 + 22. Is (-1135860)/(-84) + m/(-7) prime?
True
Suppose 84*b - 92462748 = 40*b - 40*b. Is b a composite number?
False
Suppose 5*j = 124 + 686. Let y = 981 - -173. Suppose -4*l + y = -j. Is l prime?
False
Let m be 51*(18/(-3) + 63). Suppose 8*s = -3*q + 10*s + m, -5*q + 4820 = 5*s. Is q prime?
True
Suppose 3*m - 17424 = -5*v, -5*m = -3*m - 2*v - 11632. Let t = 8470 - m. Is t a composite number?
False
Let f be (-120)/(-16)*8/(-10). Let t(u) = -8*u**3 - 11*u**2 + 6*u + 2. Let i be t(f). Let k = i - 927. Is k a composite number?
True
Suppose 4*w - 3*r + 5*r = 10, -4*w - 3*r + 5 = 0. Suppose -3*v = 3*q - 2*v - 1619, 0 = w*q - v - 2709. Is q composite?
False
Suppose g = -3*i + 2088, 0 = -49*g + 52*g + 9. Is i composite?
True
Let c(j) = 107*j - 56. Suppose 0 = -3*i + 2*i + 2*v + 7, v = -1. Is c(i) composite?
False
Let j(a) = 2*a**3 - 45*a**2 - 3*a - 19. Is j(43) prime?
False
Let l = -1061 + 1039. Suppose 0*b + 476 = 4*b. Let n = l + b. Is n prime?
True
Let s(c) = 8764*c - 3383. Is s(9) prime?
False
Let b = -12 + 17. Suppose -2*a - 1 = -b*l, 3*a + 6 = -3*l + 36. Suppose -a*c + 19194 = 1883. Is c composite?
False
Is 9682960/196 + (-8)/(-56) composite?
True
Suppose -2*b - 2*b = -832. Suppose -b - 752 = -i. Suppose i = 5*w - 905. Is w composite?
False
Let z(q) = 117*q + 3727. Is z(12) composite?
True
Let k(s) = -153736*s - 753. Is k(-4) a composite number?
True
Suppose 2*q - 1 + 3 = 5*j, 2*q + 22 = -5*j. Is (1 - (q + 8)) + 212 prime?
True
Is (-2244662)/23*3/(-6) a composite number?
True
Let a = 35 - -79. Let d = a + 59. Suppose -14*w + 1951 = d. Is w composite?
False
Let d(m) = m**2 + m + 2. Let b be d(2). Let a(u) be the third derivative of u**5/4 + 11*u**4/24 - 11*u**3/6 + 3*u**2 - 3. Is a(b) composite?
True
Let z = 788 - 777. Suppose 65803 = 34*y - z*y. Is y a prime number?
True
Let p be (42/18 - 2)*-3*3394. Let c = p - -5652. Is c a composite number?
True
Let u be 1051/9 - ((-215)/(-45) + -5). Is 18/u - 154068/(-52) prime?
True
Let a = 120189 + -83926. Is a a composite number?
False
Suppose 5*v = 7*v - 2*a - 12, -4*a = 3*v + 10. Suppose -632 = -6*d - v*d. Is d a composite number?
False
Let k be 1*15/(-6)*(-16)/(-10). Is k/(-2 + -2)*869 a composite number?
True
Is (-2)/(-8 + 16)*2502776/(-2) prime?
False
Let l(z) = 47*z**3 + 30*z**2 - 203*z + 31. Is l(7) a prime number?
False
Let y(p) = p**3 + 20*p**2 - 22*p - 15. Let x be y(-20). Let u = x - 54. Is u prime?
False
Suppose 179*p - 37896644 = -42*p - 15*p. Is p a composite number?
False
Let r = -57705 + 171134. Is r prime?
False
Let x = -370 + 370. Is 35100 + 2 - (x - -3 - 0) a composite number?
False
Let j be 9 + (-1*6)/(-3) - 1. Is -2 + -2 + 7734*15/j composite?
False
Suppose 3*g + 1 = 70. Suppose 0 = k + 5*i - 0*i + g, -4*k + 3*i = -23. Suppose 3*w = -k*s + 1673, -5*w = -5*s + s + 3291. Is s a prime number?
True
Let b = 4773 - 1931. Let y = 5175 - b. Suppose -y = -4*h - 457. Is h prime?
False
Let t = 84 + -78. Let r(l) = 228*l**3 + l**2 - l. Let x be r(1). Suppose -t*y + 0*y + x = 0. Is y a composite number?
True
Let y = -157 - -160. Let c = 305 + -512. Is (2 - c) + (10/2 - y) composite?
False
Suppose 4*z + 4*w - 191272 = 0, -2*z + 21*w - 16*w = -95587. Is z a composite number?
True
Suppose 341655 = 3*z + q + 11*q, -2*q = 2*z - 227764. Is z a composite number?
True
Let k(i) = 4*i**3 + 30*i**2 + 38*i + 38. Let u(o) = -3*o**3 - 30*o**2 - 37*o - 39. Let a(w) = -4*k(w) - 5*u(w). Is a(29) prime?
False
Let u = 643 + -823. Is 3958/((-320)/u - (-4)/18) prime?
True
Let a(m) be the third derivative of 58*m**5/15 - 55*m**4/24 - 11*m**3/6 - 80*m**2. Is a(6) prime?
True
Let o be (-344)/(-72) - (24/27)/(-4). Suppose g - o = -2*w, w + 19 - 8 = 4*g. Suppose -2*t = 4*x - 2362, 6 = -g*t + 3. Is x a composite number?
True
Suppose 366*s - 600270 - 235185 = 953919. Is s a prime number?
True
Is 64905/(((-4)/34)/(-2)) + 128/32 composite?
True
Let v(a) = a**2 + 14*a + 12. Let i be v(-4). Is (i/(-4) + -1890)/(-1) composite?
True
Let h be -22*(2 - (-6)/(-4)). Is (h/(-22))/(2/1884) composite?
True
Suppose 2610424 = -9*d + 24*d - 7*d. Is d a prime number?
False
Let z = 25 - 265. Let r be 2 + -13 + (512 - -2). Let h = r + z. Is h prime?
True
Suppose 38 = 8*k - 2. Suppose 2*y = 4*n + 1158, 0 = -2*y + 3*y - k*n - 582. Let u = y - 318. Is u a prime number?
False
Let u = -37285 - -71304. Is u a prime number?
True
Let y(s) = -s**2 - 9*s + 38. Let u be y(-12). Let z(x) = 13*x**u + x**3 - 7*x + 10*x + 23 - 6*x. Is z(-12) a composite number?
True
Suppose 2*l - 3*w - 130106 = 0, l + 621*w = 623*w + 65055. Is l prime?
False
Let s be (-1591)/(-259) - 2/14. Is 14959*s/(-42)*-7 prime?
False
Let v(h) be the second derivative of -4*h**2 + 0 - 457/6*h**3 + 4*h. Is v(-1) prime?
True
Suppose -43*w = -42*w - 71. Suppose 0 = -2*o + w + 1385. Suppose -3*c + o = -1171. Is c a prime number?
False
Let o(m) be the second derivative of 5*m**4/12 - 2*m**3 - 11*m**2/2 - 127*m. Is o(6) a composite number?
False
Let g(i) = -i**2 + i. Let y(k) = 6*k**3 + 17*k**2 - 4*k + 20. Let n(d) = 2*g(d) - y(d). Is n(-9) a composite number?
True
Suppose -3*t - 4*r + 10 = r, 0 = 5*t - 2*r + 4. Let n = t - -94. Suppose -4*l = -y - y + n, -4*l - 147 = -3*y. Is y composite?
False
Let d = -951645 + 1385290. Is d a prime number?
False
Let p(o) = 3*o**2 - 54*o - 7. Let y be p(-12). Is y*(-1)/2*(-34)/17 a prime number?
False
Let s(v) = 2*v**3 + 71*v**2 + 35*v + 3. Let w be s(-35). Let p(n) = n**2 + 4*n - 4. Let k be p(-4). Is w*-1154*2/k prime?
False
Suppose t - x = 0, 2*x - 5 = t - 2. Suppose -t*y = -4*y + 28. Is 4/14 + 17660/y composite?
False
Let n(k) = -k + 110. Let p be n(15). Let o = p - -592. Is o a prime number?
False
Suppose 5*i - 440585 = -r, 41*i - 43*i - 5*r + 176234 = 0. Is i a composite number?
False
Let p(n) = 29*n**2 + 5*n - 9. Let x = 8 + -14. Le